{"id":725,"date":"2023-01-02T23:00:39","date_gmt":"2023-01-03T04:00:39","guid":{"rendered":"https:\/\/electromedica.com.ec\/?page_id=725"},"modified":"2025-03-25T09:58:42","modified_gmt":"2025-03-25T14:58:42","slug":"ultrasonido","status":"publish","type":"page","link":"https:\/\/electromedica.com.ec\/?page_id=725","title":{"rendered":"ULTRASONIDO"},"content":{"rendered":"<div\n      class=\"kv-control-placeholder kv-_page\"\n      data-kv-control=\"1\">\n    <\/div> <section class=\"background-id_0adjacent section-1658176774923 zoduye36 hiluse82 undefined\" style=\" position:relative;\">\n  <a name=\"section1658176774923\"><\/a>\n    <div\n    class=\"kv-control-placeholder kv-_section\"\n    data-kv-control=\"background\">\n  <\/div> <div class='kv-background  ' style=\" background-color: rgb(249,249,249);\">\n        \n        <div class='kv-background-inner pattern-black-4'  style=\"\n          \n          \n          \n          background-color: rgb(249,249,249);\n          opacity: 0.5;\"><\/div>\n          \n<\/div>\n\n  <div class=\"position-relative kv-content\">\n    <div\n    class=\"kv-control-placeholder kv-_section\"\n    data-kv-control=\"content\">\n  <\/div> <div class=\"kv-ee-section kv-ee-section--lg kv-ee-align-left \"><div class=\"kv-ee-container kv-ee-titles\"><div class=\"kv-ee-row\"><div class=\"kv-ee-section-text kv-ee-col-12\"> <h2 class=\"kv-ee-section-title kv-ee-caption-title kv-ee-section-title--md\" data-type=\"text\" tabindex=\"0\">Ultrasonidos<span data-prop=\"title\" class=\"ck-editable-element\" data-editable=\"basic\" style=\"display:none;\"><\/span><\/h2>  <p class=\"kv-ee-section-description kv-ee-body--md\" data-type=\"text\" tabindex=\"0\"><a href=\"mailto:info@electromedica.com.ec?subject=Productos Ultrasonido\"><b>Portafolio de productos, consulta sobre nuevas opciones a info@electromedica.com.ec<\/b><\/a><span data-prop=\"description\" class=\"ck-editable-element\" data-editable=\"basic\" style=\"display:none;\"><\/span><\/p> <\/div><\/div><\/div><div class=\"kv-ee-container kv-ee-items\"><div class=\"kv-ee-row kv-ee-position\"><div class=\"kv-ee-col-12 kv-ee-landscape\"> <div\n    class=\"kv-control-placeholder kv-_content\"\n    data-kv-control=\"list\">\n  <\/div><div class=\"kv-ee-list-control\">\n    <div class=\"kv-ee-row\" data-type=\"list\">\n        <div\n    class=\"kv-control-placeholder kv-_list\"\n    data-kv-control=\"0\">\n  <\/div> <div class=\"kv-ee-col-12 kv-ee-col-sm-6 kv-ee-dlist\"><div class=\"kv-ee-content-card kv-ee-default-card kv-ee-drop-shadow-md\"> <div\n      data-type=\"image\" data-property=\"image\"\n       class=\"kv-ee-photo kv-ee-gallery kv-ee-content-image \" role=\"img\" data-src=\"https:\/\/images.builderservices.io\/s\/cdn\/v1.0\/i\/m?url=https%3A%2F%2Fstorage.googleapis.com%2Fproduction-bluehost-v1-0-0%2F550%2F1251550%2FqGRrAzPE%2Fbf0379505e2545ac89d3d2f3b586c83b&#038;methods=resize%2C60%2C5000\" data-src-normal=\"https:\/\/images.builderservices.io\/s\/cdn\/v1.0\/i\/m?url=https%3A%2F%2Fstorage.googleapis.com%2Fproduction-bluehost-v1-0-0%2F550%2F1251550%2FqGRrAzPE%2Fbf0379505e2545ac89d3d2f3b586c83b&#038;methods=resize%2C600%2C5000\" data-src-retina=\"https:\/\/images.builderservices.io\/s\/cdn\/v1.0\/i\/m?url=https%3A%2F%2Fstorage.googleapis.com%2Fproduction-bluehost-v1-0-0%2F550%2F1251550%2FqGRrAzPE%2Fbf0379505e2545ac89d3d2f3b586c83b&#038;methods=resize%2C900%2C5000\"\n      style=\"background-position: center center;background-repeat: no-repeat;\"\n      data-setting=\"border\"\n      role=\"img\"\n    ><\/div> <div class=\"kv-ee-bio \"> <h3 class=\"kv-ee-title kv-ee-title--xs\" data-type=\"text\" tabindex=\"0\"><font class=\"cstm-cl kv-ee-custom-text-cl3\">Sistemas de ultrasonidos estacionarios<br>Esaote&nbsp;<\/font><span data-prop=\"title\" class=\"ck-editable-element\" data-editable=\"basic\" style=\"display:none;\"><\/span><\/h3> <p class=\"kv-ee-description kv-ee-body--md\" data-type=\"text\" tabindex=\"0\"><font class=\"cstm-fnt\" style=\"font-size: 90.01%;\">Impulsados por la \u00faltima tecnolog\u00eda de Esaote, La serie MyLab ofrece im\u00e1genes por ultrasonido con una claridad extraordinaria. La representaci\u00f3n de los detalles y la fluidez del escaneo garantizan ex\u00e1menes de excelente calidad en todas sus aplicaciones en ecograf\u00eda general, cardiovascular, de la salud de la mujer y servicio compartido.<br><br>MyLab permite un cuidado \u00f3ptimo del paciente, a la vez que aumenta la productividad diaria a trav\u00e9s de herramientas de optimizaci\u00f3n autom\u00e1ticas.\nDise\u00f1ado con una ergonom\u00eda inteligente que hace de este un sistema ligero y silencioso, ofrece comodidad tanto a los pacientes como a los operadores en todos los entornos cl\u00ednicos.\nAproveche las tecnolog\u00edas avanzadas que ofrece, al tiempo que maximiza la inversi\u00f3n y la productividad.<br><br><br><b>Para mayores detalles del equipo, visita en enlace en el bot\u00f3n inferior.<\/b><br><\/font><br><span data-prop=\"description\" class=\"ck-editable-element\" data-editable=\"basic\" style=\"display:none;\"><\/span><\/p>  <a  class=\"\n    kv-ee-button kv-ee-button-md kv-ee-button-card undefined\n    kv-ee-button-dynamic-buttons kv-button-instant-edit\n    kv-ee-button-primary\n  \" data-index=\"0\" data-type=\"button\" tabindex=\"0\" data-href=\"contactenos\" href=\"contactenos\"  target=\"_blank\"   data-property=\"link\"  >\n        \n        <i  class=\"fa fa-clipboard\"> <\/i>\n        <div style=\"\" class=\"kv-ee-button-has-title\">Cat\u00e1logo y hoja t\u00e9cnica<div\n          data-editable=\"button\"\n          data-prop=\"link.title\"\n          style=\"display:none;\">\n        <\/div><\/div>\n      <\/a>  <\/div><\/div><\/div>\n        <div\n    class=\"kv-control-placeholder kv-_list\"\n    data-kv-control=\"1\">\n  <\/div> <div class=\"kv-ee-col-12 kv-ee-col-sm-6 kv-ee-dlist\"><div class=\"kv-ee-content-card kv-ee-default-card kv-ee-drop-shadow-md\"> <div\n      data-type=\"image\" data-property=\"image\"\n       class=\"kv-ee-photo kv-ee-gallery kv-ee-content-image \" role=\"img\" data-src=\"https:\/\/images.builderservices.io\/s\/cdn\/v1.0\/i\/m?url=https%3A%2F%2Fstorage.googleapis.com%2Fproduction-bluehost-v1-0-0%2F550%2F1251550%2FqGRrAzPE%2F03e06702abc8442e9b18b9b8102d8193&#038;methods=resize%2C60%2C5000\" data-src-normal=\"https:\/\/images.builderservices.io\/s\/cdn\/v1.0\/i\/m?url=https%3A%2F%2Fstorage.googleapis.com%2Fproduction-bluehost-v1-0-0%2F550%2F1251550%2FqGRrAzPE%2F03e06702abc8442e9b18b9b8102d8193&#038;methods=resize%2C600%2C5000\" data-src-retina=\"https:\/\/images.builderservices.io\/s\/cdn\/v1.0\/i\/m?url=https%3A%2F%2Fstorage.googleapis.com%2Fproduction-bluehost-v1-0-0%2F550%2F1251550%2FqGRrAzPE%2F03e06702abc8442e9b18b9b8102d8193&#038;methods=resize%2C900%2C5000\"\n      style=\"background-position: center center;background-repeat: no-repeat;\"\n      data-setting=\"border\"\n      role=\"img\"\n    ><\/div> <div class=\"kv-ee-bio \"> <h3 class=\"kv-ee-title kv-ee-title--xs\" data-type=\"text\" tabindex=\"0\"><font class=\"cstm-cl kv-ee-custom-text-cl3\">Sistemas de ultrasonidos port\u00e1tiles<br>Esaote <\/font><span data-prop=\"title\" class=\"ck-editable-element\" data-editable=\"basic\" style=\"display:none;\"><\/span><\/h3> <p class=\"kv-ee-description kv-ee-body--md\" data-type=\"text\" tabindex=\"0\"><font class=\"cstm-fnt\" style=\"font-size: 90.01%;\">Sistemas de \u00faltima generaci\u00f3n en ultrasonidos port\u00e1tiles, inteligentes y multidiscliplinarios que se adaptar\u00e1n donde sea necesario para obtener diagn\u00f3sticos r\u00e1pidos y completos.<br><br>Ofrecen agilidad extrema gracias a su conector dual integrado (4 con adaptador multiconector adicional para el carro), as\u00ed como un flujo de trabajo exhaustivo y mayor rapidez en los diagn\u00f3sticos con su herramienta de automatizaci\u00f3n.<br><br>La unidades, adem\u00e1s de su monitor giratorio y basculante, integran una exclusiva pantalla t\u00e1ctil. Su ergon\u00f3mico e innovador dise\u00f1o, junto a su gran portabilidad, incrementa exponencialmente la productividad diaria y la eficiencia en los diagn\u00f3sticos.<br><br><b>Para mayores detalles del equipo, visita en enlace en el bot\u00f3n inferior.<\/b><\/font><br><span data-prop=\"description\" class=\"ck-editable-element\" data-editable=\"basic\" style=\"display:none;\"><\/span><\/p>  <a  class=\"\n    kv-ee-button kv-ee-button-md kv-ee-button-card undefined\n    kv-ee-button-dynamic-buttons kv-button-instant-edit\n    kv-ee-button-primary\n  \" data-index=\"0\" data-type=\"button\" tabindex=\"0\" data-href=\"contactenos\" href=\"contactenos\"  target=\"_blank\"   data-property=\"link\"  >\n        \n        <i  class=\"fa fa-clipboard\"> <\/i>\n        <div style=\"\" class=\"kv-ee-button-has-title\">Cat\u00e1logo y hoja t\u00e9cnica<div\n          data-editable=\"button\"\n          data-prop=\"link.title\"\n          style=\"display:none;\">\n        <\/div><\/div>\n      <\/a>  <\/div><\/div><\/div>\n    <\/div>\n<\/div> <\/div><\/div><\/div><\/div>\n  <\/div>\n<\/section>\n<style scoped>.zoduye36 p{max-width:800px}.zoduye36 .kv-ee-container-wide{max-width:1680px;margin:0 auto;padding-right:15px;padding-left:15px}.zoduye36 .kv-ee-align-left .kv-ee-titles{text-align:left}.zoduye36 .kv-ee-align-left .kv-ee-titles .kv-ee-col-12>*{margin-right:auto}.zoduye36 .kv-ee-align-left .kv-ee-position .kv-ee-row{justify-content:flex-start}.zoduye36 .kv-ee-align-center .kv-ee-titles{text-align:center}.zoduye36 .kv-ee-align-center .kv-ee-titles .kv-ee-col-12>*{margin-left:auto;margin-right:auto}.zoduye36 .kv-ee-align-center .kv-ee-position .kv-ee-row{justify-content:flex-start}.zoduye36 .kv-ee-align-right .kv-ee-titles{text-align:right}.zoduye36 .kv-ee-align-right .kv-ee-titles .kv-ee-col-12>*{margin-left:auto}.zoduye36 .kv-ee-align-right .kv-ee-position .kv-ee-row{justify-content:flex-end}.hiluse82 .kv-ee-content-card{background:var(--kv-ee-card);color:var(--kv-ee-text1-card);text-shadow:none;margin:30px 0 15px;height:calc(100% - 45px);border-radius:3px;transition:box-shadow 300ms cubic-bezier(.19,1,.22,1)}.hiluse82 .kv-ee-drop-shadow-md:hover{box-shadow:0 0 0 1px rgba(0,0,0,.04),0 14px 18px -8px rgba(0,0,0,.11),0 12px 12px -5px rgba(0,0,0,.09),0 11px 8px 0 rgba(0,0,0,.03)}.hiluse82 .kv-ee-drop-shadow-md .kv-ee-photo{box-shadow:0 4px 8px rgba(0,0,0,.2)}.hiluse82 .kv-ee-bio{padding:0 .5rem 1rem}.hiluse82 .kv-ee-bio.kv-ee-no-image{padding:1rem .5rem 1rem}.hiluse82 .kv-ee-bio .kv-ee-subtitle{opacity:.54;margin-top:-.5rem;font-weight:400}@media(min-width:992px){.hiluse82 .kv-ee-bio{padding:0 1rem 1.25rem}.hiluse82 .kv-ee-bio.kv-ee-no-image{padding:1.25rem 1rem 1rem}}.hiluse82 .kv-ee-photo{width:50%;padding-bottom:50%;border-radius:50%;background-size:cover;background-position:center center;margin:0 auto;position:relative;top:-1.5rem;background-color:var(--kv-ee-accent1);display:flex}.hiluse82 .kv-ee-photo i{text-shadow:none;width:100%;text-align:center;align-self:center}@media(min-width:768px){.hiluse82 .kv-ee-col-lg-12 .kv-ee-content-card{flex-direction:row;align-items:center}.hiluse82 .kv-ee-col-lg-12 .kv-ee-content-card .kv-ee-social{justify-content:flex-start}.hiluse82 .kv-ee-col-lg-12 .kv-ee-content-card .kv-ee-bio{justify-content:center}.hiluse82 .kv-ee-col-lg-12 .kv-ee-content-card .kv-ee-photo{margin:2rem;transform:none;-webkit-transform:none;-ms-transform:none}.hiluse82 .kv-ee-col-lg-12 .kv-ee-content-card.kv-ee-flipped{justify-content:space-between}.hiluse82 .kv-ee-col-lg-12 .kv-ee-content-card.kv-ee-flipped .kv-ee-photo{order:2}.hiluse82 .kv-ee-col-lg-12 .kv-ee-content-card.kv-ee-flipped .kv-ee-bio{order:1}}.hiluse82 .kv-ee-rounded-corners .kv-ee-content-card{border-radius:.5rem}.hiluse82 .kv-ee-square .kv-ee-photo,.hiluse82 .kv-ee-original .kv-ee-photo{width:50%;padding-bottom:50%;border-radius:0}.hiluse82 .kv-ee-portrait .kv-ee-photo{width:50%;padding-bottom:66.6667%;border-radius:0}.hiluse82 .kv-ee-landscape .kv-ee-photo{width:80%;padding-bottom:60%;border-radius:0}.hiluse82 .kv-ee-rounded-corners .kv-ee-photo{border-radius:.5rem}.hiluse82 .kv-ee-circle .kv-ee-photo{width:50%;padding-bottom:50%;border-radius:50%}.hiluse82 .kv-ee-align-left .kv-ee-bio{text-align:left}.hiluse82 .kv-ee-align-center .kv-ee-bio{text-align:center}.hiluse82 .kv-ee-social{justify-content:flex-end;transform:translateX(10px)}<\/style>","protected":false},"excerpt":{"rendered":"","protected":false},"author":1,"featured_media":0,"parent":0,"menu_order":0,"comment_status":"closed","ping_status":"closed","template":"wb4wp-template.php","meta":{"nf_dc_page":"","om_disable_all_campaigns":false,"WB4WB4WP_MODE":"","WB4WP_PAGE_SCRIPTS":"","WB4WP_PAGE_STYLES":"","WB4WP_PAGE_FONTS":"","WB4WP_PAGE_HEADER":"","WB4WP_PAGE_FOOTER":"","_monsterinsights_skip_tracking":false,"_monsterinsights_sitenote_active":false,"_monsterinsights_sitenote_note":"","_monsterinsights_sitenote_category":0,"footnotes":""},"class_list":["post-725","page","type-page","status-publish","hentry"],"aioseo_notices":[],"jetpack-related-posts":[],"jetpack_sharing_enabled":true,"_links":{"self":[{"href":"https:\/\/electromedica.com.ec\/index.php?rest_route=\/wp\/v2\/pages\/725","targetHints":{"allow":["GET"]}}],"collection":[{"href":"https:\/\/electromedica.com.ec\/index.php?rest_route=\/wp\/v2\/pages"}],"about":[{"href":"https:\/\/electromedica.com.ec\/index.php?rest_route=\/wp\/v2\/types\/page"}],"author":[{"embeddable":true,"href":"https:\/\/electromedica.com.ec\/index.php?rest_route=\/wp\/v2\/users\/1"}],"replies":[{"embeddable":true,"href":"https:\/\/electromedica.com.ec\/index.php?rest_route=%2Fwp%2Fv2%2Fcomments&post=725"}],"version-history":[{"count":0,"href":"https:\/\/electromedica.com.ec\/index.php?rest_route=\/wp\/v2\/pages\/725\/revisions"}],"wp:attachment":[{"href":"https:\/\/electromedica.com.ec\/index.php?rest_route=%2Fwp%2Fv2%2Fmedia&parent=725"}],"curies":[{"name":"wp","href":"https:\/\/api.w.org\/{rel}","templated":true}]}}